*2. Let v(h) = h**3 - 6*h**2 + 5*h + 6. Let w be v(5). What is n(w)?
5
Let n(v) = -1166*v**3 + 1165*v**3 - 2*v**2 + 6 - 8. Let o(a) be the first derivative of a**3/3 - 4*a**2 + 9*a + 2. Let w be o(6). What is n(w)?
7
Let r(w) be the third derivative of -w**6/5 - w**3/6 + 8*w**2 - 35. Let p(m) = 2*m + 1. Let u be p(-1). What is r(u)?
23
Let d(a) = -1 - 108*a**2 + 0 + 63*a**2 - 4 + 46*a**2 + 7*a. Calculate d(-7).
-5
Let k(c) = c**2 + 4*c + 4. Let r be (-1 - -3)/(-10 + (-58)/(-6)). Give k(r).
16
Suppose -2*x + 2 = 2*t, 0 = 4*x + 6*t - 11*t - 49. Let f(u) = 2*u**2 - 9*u - 2. Let j(a) = a**2 - 5*a - 1. Let m(o) = 2*f(o) - 5*j(o). Calculate m(x).
7
Let n(w) = -4*w**2 + 4 + 3*w**2 - w**2 - w. Suppose -r + 6 = 2*r. Let l be (2/3)/(r/(-9)). Calculate n(l).
-11
Let w(p) = -p - 1. Let y(i) = 4*i - 5*i - 4*i + 4*i. Let g(k) = -w(k) - 6*y(k). What is g(1)?
8
Let m be (-1)/((-6)/10 + 5/50). Suppose -m + 0 = 2*t. Let z(n) = 6*n**2 + 2*n + 1. What is z(t)?
5
Let c be (-4)/3*9/(-6). Let u(d) = -d**2 + 2*d + 3. Let h(b) = -b**2 + 3*b + 3. Let v(p) = -4*h(p) + 5*u(p). Determine v(c).
-5
Let c(i) = -i**3 + 33*i**2 + 22*i + 20. Let z(n) = -16*n**2 - 9*n - 10. Let u(j) = 2*c(j) + 5*z(j). Determine u(-7).
-3
Let y(i) = -2*i**3 - 6*i**2. Let l be y(-3). Let g be l - 4/8*2. Let b(z) = 7*z**2 + z + 1. Determine b(g).
7
Let g be (-5)/(-10)*(5 - 1). Let k(d) = -3*d - 2. Let r(w) = -7*w - 6. Let m(j) = -5*k(j) + 2*r(j). Determine m(g).
0
Let z(l) = l - 3 + l**3 + 6*l**2 - 17*l - 2*l + l. Let g be z(-8). Let h(w) be the second derivative of w**4/12 - 2*w**3/3 - 7*w**2/2 - w. Give h(g).
-2
Suppose -3 - 3 = -2*d. Suppose -a = d - 0. Let h(i) be the second derivative of i**3/6 - 2*i**2 - 8*i. Calculate h(a).
-7
Let d(w) = -w. Let k(z) = 6*z + 5. Let y(h) = -3*d(h) - k(h). Let q(r) = -3*r - 2*r + 4*r - 5 - 3*r. Let n(p) = -4*q(p) + 5*y(p). What is n(4)?
-1
Let c = -68 - -69. Let q(i) = 3*i**3 - i**2 + 2*i - 1. Give q(c).
3
Let r(b) = b**2 - b - 9. Let n(p) = -2*p + 11. Let t(x) = 3*x - 23. Let y(h) = -5*n(h) - 3*t(h). Let m be y(-14). Calculate r(m).
-9
Let w(o) = -2*o + 3 + 3 + 4*o. Let b(g) = g**3 + 5*g**2 + 20*g + 47. Let x be b(-3). Calculate w(x).
16
Let d(t) = 13*t - 3. Let n be d(1). Let f(z) = z**2 - 10*z + 2. Determine f(n).
2
Let a = 29 - 58. Let p = 29 + a. Let j(r) = r - 1. What is j(p)?
-1
Let t(i) be the third derivative of i**4/12 + i**3/6 - 4344*i**2. Suppose -3*d - 10 + 1 = 0. What is t(d)?
-5
Suppose -u + 5*a + 33 = 0, 11*u + 2*a = 8*u + 14. Let i(l) = -l**2 + 7*l + 1. What is i(u)?
-7
Let f(u) be the first derivative of -2*u**3/3 - 3*u**2 + 3*u + 1302. Let w = -14 - -9. What is f(w)?
-17
Let r(n) = 5*n. Let t(l) = l + 1. Let m(o) = r(o) - 6*t(o). Suppose b = -3*f + 3, -7 - 2 = -3*b + 2*f. Suppose -b*k - k = 0. What is m(k)?
-6
Let l(x) = -26*x**3 - 6*x**2 - 2*x + 7. Let p(y) = 51*y**3 + 11*y**2 + 4*y - 13. Let d(t) = 11*l(t) + 6*p(t). Calculate d(1).
21
Let r(g) = 7*g. Let u = -86 - -125. Let c(h) = h. Let q(i) = u*c(i) - 6*r(i). Give q(1).
-3
Let r(a) = 3*a + 13. Suppose 13*h + 6*h = 4*h. Determine r(h).
13
Let t(m) = 5 + 12*m**2 + m + 0*m**3 - 2*m**3 - 8*m**2 + m**3. Let l(h) = h**3 - 4*h**2 - h - 4. Let w(j) = 4*l(j) + 3*t(j). Determine w(4).
-5
Let k(a) = 6*a + 5. Suppose -4*l = -3*l + 4*m + 95, 4*l - 5*m = -485. Let z = l + 110. What is k(z)?
-25
Suppose -9*p + 10 = -19*p. Let g(n) be the third derivative of n**4/12 + n**3/6 + 3*n**2. What is g(p)?
-1
Let g(s) = s**3 + s**2 - 1. Let y(i) be the third derivative of i**6/30 + 7*i**5/60 + i**4/8 - 2*i**3/3 - 12*i**2. Let c(h) = -5*g(h) + y(h). Determine c(3).
1
Suppose 6*z + 2*p = 2*z - 10, -10 = -2*z + 2*p. Let h(a) be the third derivative of -a**5/60 - a**4/24 - 5*a**3/6 - 3*a**2. Give h(z).
-5
Let r(a) = -9 - 2*a + 6*a - 3*a. Suppose 40 = 44*y - 34*y. Determine r(y).
-5
Let s(g) = g + 9. Let t be ((-5)/25)/(4/(-80)). Give s(t).
13
Suppose 2*y - 3 = 9. Let a(m) = 6 - 52*m**3 - y*m + 92*m**3 - 7*m**2 - 41*m**3. Calculate a(-5).
-14
Let s be ((-9)/(-15))/(((-2)/20)/(-1)). Let f(t) = 39*t**2 - s*t - 5 - 40*t**2 - 2. What is f(-7)?
-14
Let d(l) = -5*l**2 - 7*l - 8. Let q(m) = 4*m**2 + 8*m + 9. Let u(s) = -3*d(s) - 4*q(s). Calculate u(-9).
6
Let p(o) be the second derivative of -o**3/2 + 16*o**2 - 25*o - 6. What is p(9)?
5
Suppose 2*m + 5*k - 33 = -0*m, -m - 6 = -5*k. Suppose 0 = m*t - 14*t. Let o(g) = -g**2 + g + 1. Calculate o(t).
1
Let v(g) = g**2 - 6*g - 5. Let d(c) = -c**3 - 5*c**2 + 12*c - 7. Let s be d(-6). Let q = -37 - s. Give v(q).
-5
Let u(i) be the third derivative of i**5/30 + 712*i**2. Give u(-3).
18
Let a(x) = 8*x. Let z be (-20)/(-6)*45/30. Let y be (z/5 - 6/(-2)) + -3. What is a(y)?
8
Let i(g) = -10*g**2 - 26*g + 68. Let m(u) = -3*u**2 - 9*u + 22. Let l(a) = 2*i(a) - 7*m(a). Calculate l(-12).
-6
Let a be (1 - 0)/((-3)/(-9)). Let r(b) = 2*b - 7 + 4 - 5 - a*b. Let j(w) = w + 8. Let x(n) = -4*j(n) - 5*r(n). Calculate x(0).
8
Let x(g) = 2. Let q(v) = -v + 4. Let m(l) = -q(l) + 5*x(l). What is m(-8)?
-2
Let q(g) = -g**3 + 18*g**2 - 25*g - 102. Let w be q(16). Let v(n) = 6*n - 44. Determine v(w).
16
Let b be 3/(-5) + (115/25 - 5). Let m(h) = -5*h + 1. What is m(b)?
6
Let g(z) = -10*z**3 + 2*z + 1. Suppose -7*r - 2*r - 9 = 0. What is g(r)?
9
Suppose -30 = 2*i - 22. Let y(h) = -h**3 - 4*h**2 + 2*h + 6. Let x be y(i). Let v(p) = -5*p**2 - 2*p + 1. Give v(x).
-15
Let l(d) = -3*d + 9. Let o = 11 - 10. Let f be (2 + 2)/(-2) - o. Let r be (81/(-36))/(f/8). Determine l(r).
-9
Let n(b) be the first derivative of -b**4/6 + 7*b**2/2 - 28. Let i(d) be the second derivative of n(d). Give i(2).
-8
Let s(v) = 6 - 2 - 2*v + 7 - 2. Let x be (21/(-2))/(18/(-12)). Give s(x).
-5
Let g(w) = -w**3 - 3*w**2 - w - 1. Let b be g(-3). Let i(c) = 2*c**2 - c - 3. Let o be i(b). Let z(q) = -6 + q + 2 - q**2 + 2*q**2. Determine z(o).
8
Let n(g) = g**2 + 4*g - 2. Let q(f) = f**3 + 3*f**2 - 2*f + 8. Let v be q(-4). Suppose -10 = 5*l - 0, v = -3*j + 3*l - 12. Determine n(j).
10
Let w(s) = -3*s - 92*s**3 + 0*s - 99*s**3 - 5 + 192*s**3 - 2*s**2. Give w(4).
15
Let d(h) = 3*h**3 - 16*h**2 - 16*h - 46. Let v(q) = -q**3 + 5*q**2 + 5*q + 16. Let n(k) = 4*d(k) + 11*v(k). Give n(10).
2
Let n(l) = -3*l**3 + 4*l**2 + 8*l + 3. Let t(a) = 7*a**3 - 9*a**2 - 17*a - 7. Let v(b) = 9*n(b) + 4*t(b). Determine v(-3).
-40
Let r(t) be the third derivative of 2*t**2 - 1/60*t**5 + 0*t + 1/6*t**3 + 0 + 0*t**4. Suppose u + 3*f + f = 15, -5*u = 3*f - 24. Give r(u).
-8
Suppose 0 = 4*i + 3*g - 16, -5*g + 2 + 18 = 0. Let z(q) = q - 1. Give z(i).
0
Let p(x) = -3 + x**3 - 8*x**2 + 7*x**2 + 0*x**2 - 3*x. Let k be p(3). Let m(j) = j + 6*j - j**2 - j**3 - k*j. What is m(-2)?
2
Let l = -19 - -33. Let b(u) = 26*u**3 - u**2 - 9 - 5*u**3 - 8*u**3 + u - l*u**3. Calculate b(0).
-9
Let h(a) = 2*a**2 + 4*a - 6. Let r be h(4). Let y = -27 + r. Let w(k) = -9*k + y + 4*k**2 - 10 - 2*k**2 - k**2. Determine w(8).
-3
Let w(h) = -h**3 + 5*h**2 + 83*h - 7 + 0*h**3 - 74*h. Suppose -c + 3*c = 12. Calculate w(c).
11
Let h(r) = 60*r**2 - 189*r**2 + 63*r**2 + 68*r**2 + 2 + 8 + 6*r. Calculate h(-3).
10
Let o(x) = x**3 - 5*x**2 + 3*x - 4. Let w(y) = -3*y**2 + 5*y + 1. Let c be w(-3). Let t = 45 + c. Calculate o(t).
-8
Let k(p) = -8*p**2 + 25*p + 25. Let f(s) = -3*s**2 + 2*s + 8 + 5*s + s. Let a(m) = 11*f(m) - 4*k(m). Let u be a(-11). Let v(c) = -3*c**2 + c + 1. Give v(u).
-3
Let x(m) = -m + 7. Let v be (-28)/(-56) - 14/(-4). Let k be ((-63)/v)/(-3) + 12/(-48). Calculate x(k).
2
Let p(a) = -3*a**2 + a - 2. Suppose -22*k + 35*k = -26. Give p(k).
-16
Let g(o) = -o**2 - 11*o - 5. Suppose -594 = -7*f - 671. Determine g(f).
-5
Let d(h) = -599*h + 2*h**3 - 596*h + 2*h**2 + 1198*h + 3. What is d(-2)?
-11
Let p(a) = 4*a**2 - 5*a**2 - 2*a + 0*a**2 + 9*a**2 - 8*a + 19 - a**3. Determine p(7).
-2
Let y(n) = n + 12. Let z be (-21)/(-42)*(0 + 0 + -24). What is y(z)?
0
Suppose 0*j = -4*j + 4. Let z(c) = 3 - 5*c - j + 4 + 0*c - c**2. Let q be z(-6). Let b(t) = -t - 13. What is b(q)?
-13
Let n(f) be the second derivative of 9*f - 1/20*f**5 + 1/2*f**2 - 1/3*f**3 + 0 + 0*f**4. What is n(1)?
-2
Let q(j) = j + 7. Let v be q(-11). Let p(t) = -t + 0*t + 4*t - 1 - 2*t. What is p(v)?
-5
Let l(q) be the first derivative of -3*q**2/2 + 2*q - 22. Let u be (2 + (2 - 5))*-4. Calculate l(u).
-10
Let k(l) = 2*l - 5